d = 10371 + -5731. What is the hundreds digit of d?
6
Let k(t) = 524*t**2 + 57*t + 263. What is the units digit of k(-5)?
8
Let i = 178 - 174. Suppose -5*g - 3*f + i = -10, -5*g + f + 22 = 0. What is the units digit of g?
4
Suppose 3*w = 15212 - 380. What is the units digit of w?
4
Let q = 31 - 29. Suppose 2*o = 5*s - 34, 5*s = -q*o + 23 + 23. Suppose -s*p = -71 - 33. What is the units digit of p?
3
Suppose 4*m + 72 = 4*s, 19*m - 24*m = 3*s - 30. Let v(y) = 63*y + 145. What is the hundreds digit of v(s)?
0
Let z = -20 - -23. Suppose -2*w = -a - a + 78, 5*w - 101 = -z*a. Let n = a - 10. What is the tens digit of n?
2
Let y(w) = 120*w**2 + 54*w - 610. What is the tens digit of y(11)?
0
Let o(n) = -7*n**2 - 19*n - 40. Let u(f) = f + 1. Let s be (8 + -7)*(-4 - (0 + -3)). Let k(h) = s*o(h) - 6*u(h). What is the units digit of k(-6)?
8
Let j(s) = -s**3 + 7*s**2 - 8*s - 2. Let t be j(4). Let m = t - 21. What is the units digit of ((-1750)/4)/m*2?
5
Let t = 3482 - 2494. What is the units digit of t?
8
Suppose -m - 18527 = -3*b + 14042, -3*m = 5*b - 54305. What is the hundreds digit of b?
8
Suppose 2*n = 61 - 175. Let v = 248 + n. What is the hundreds digit of v?
1
Let b = -42 + 21. Let g = -76 + b. Let y = g - -168. What is the units digit of y?
1
Suppose -6119 = -5*o - 1904. Suppose 92*u - 89*u - o = 0. What is the units digit of u?
1
Suppose -10*q = -23 - 7. What is the units digit of 1/((-3 - q)/(-1788))?
8
Let a = -34 - -352. Suppose -2*d = -5*b + d + 769, 4*d - a = -2*b. What is the hundreds digit of b?
1
Suppose -2463 = -3*w + u, 3*w - 4*u + 7*u - 2475 = 0. Let b = -206 + w. What is the hundreds digit of b?
6
Suppose 0 = 2*l + 4*j - 10*j - 64742, 5*l - 2*j = 161816. What is the tens digit of l?
6
Let y be 35/21*180/50. Let h(s) = s**2 - 11*s + 7. Let v(k) = -k**2 + 17*k - 11. Let b(l) = 8*h(l) + 5*v(l). What is the tens digit of b(y)?
9
Let z(c) = c + 3. Suppose 19 = 2*g + 3*g - s, -5*g = -4*s - 31. Let a be z(g). Suppose a*j - 5*d = 2*j + 39, -4*j = -4*d - 40. What is the units digit of j?
1
Let s = 30144 - 16635. What is the tens digit of s?
0
Let s(h) = h - 66. Let y be s(-21). Let j = y - -136. What is the units digit of j?
9
Let f = 10 + 31. Let a = -44 + f. What is the units digit of 2/a - 100/(-6)?
6
Suppose 2*x - 518*p = -521*p + 12177, 12170 = 2*x - 4*p. What is the hundreds digit of x?
0
Let i = -386 + 394. Let l(f) be the third derivative of f**4/4 - 2*f**3/3 + f**2. What is the tens digit of l(i)?
4
Let k(n) = -4*n**3 - 9*n**2 + 16*n - 43. Let v be k(6). Let x = v - -2032. What is the hundreds digit of x?
8
Let n = -11997 + 20174. What is the thousands digit of n?
8
Suppose -48 = -6*g - 150. What is the units digit of (g - -16) + 2*13?
5
Let d(y) = y**3 + 24*y**2 + 33*y + 26. Let q be d(-22). Suppose j + 30*z - q = 25*z, 4*j = -5*z + 1132. What is the hundreds digit of j?
2
Let s(n) = 3*n + 26. Let q be s(-14). Let m = 27 + q. Suppose -m*a = -7*a - 108. What is the tens digit of a?
2
Let s = -34165 + 63846. What is the tens digit of s?
8
Let r = 5774 + -3079. What is the units digit of r?
5
What is the units digit of (((-6928240)/15)/(-11))/((-34)/(-51))?
4
Suppose 101*g = 32*g + 291939. What is the units digit of g?
1
Suppose -69792 = -5*g - 2*h + 67541, 16*h + 27401 = g. What is the tens digit of g?
6
Let v(t) = 16*t**2 + 29*t - 18. Let q be v(-26). Suppose -15*d + q = 3*d. What is the units digit of d?
8
Let t(k) = 88*k**2 - 5*k + 6. Let u = -312 - -309. What is the units digit of t(u)?
3
Let k = -452 + 103. Let t = k - -662. What is the hundreds digit of t?
3
Let o be ((-15)/(-3) + -6)/(3/(-1047)). Let l = o - 200. What is the hundreds digit of l?
1
Let u(k) = 15*k - 4. Let y be u(-22). What is the tens digit of y/(-10) + (-82)/205?
3
Let x = -11142 - -20291. What is the units digit of x?
9
Let j(x) = -715*x - 887. What is the ten thousands digit of j(-82)?
5
Let x be (1 + (-13)/3)/((-50)/75). Suppose -22*y - x*y = -9423. What is the hundreds digit of y?
3
Let r(d) be the first derivative of -d**2 + 19*d - 76. Suppose 0*a + 3*a + c + 19 = 0, -5*c + 45 = -5*a. What is the units digit of r(a)?
3
Let f(n) = 36*n - 13. Suppose 0 = g + 3*g - 3*b + 137, 0 = -2*b - 2. Let v = g + 39. What is the hundreds digit of f(v)?
1
Let d = 720 + -742. What is the hundreds digit of (d + 18)*(-519)/3?
6
Let u be 8/44 - 1047/11. Let t = 99 + u. Suppose -4*x + 5*q + 397 = 0, 287 = t*x + 3*q - 70. What is the units digit of x?
3
Let g(z) = -z**3 + 8*z**2 - 11*z - 13. Let r be g(6). Let n be 144/56 - 3/r. Suppose -5*m - n*i = -370, 3*m - 2*i = 2*i + 193. What is the units digit of m?
1
Let n(k) = 12*k**2 - 101*k + 33. What is the thousands digit of n(-23)?
8
Suppose 235*x - 595966 = 945124 - 57535. What is the units digit of x?
3
Suppose 2*b - 18144 = -4*z, -18179 = -247*b + 245*b + z. What is the units digit of b?
6
Suppose 52 + 50 = -3*s. Let p be 592/8 + (-12 - -6). Let t = p + s. What is the tens digit of t?
3
Let r(i) = -i**3 + 14*i**2 - 14*i + 32. Let p be r(13). Suppose 0 = 6*w - p*w + 234. What is the tens digit of w?
1
Let k be 3/(-12) - (-51)/12 - 5. What is the hundreds digit of (-19 - -18)*(k + -679)?
6
Let d(i) = -3*i**2 + 16*i + 2066. What is the thousands digit of d(0)?
2
Suppose 52*u - 42398 = -4*i + 54*u, 10595 = i - 2*u. What is the hundreds digit of i?
6
Suppose h + 28292 - 7203 = 3*x, 20 = -4*h. What is the thousands digit of x?
7
Let h(k) = 257*k**2 + 2879*k + 2. What is the thousands digit of h(-24)?
8
Let f(y) = y**3 + 9*y**2 + 11*y + 16. Let a(g) = 5*g + 10. Let o(c) = -14*c - 31. Let m(b) = 11*a(b) + 4*o(b). Let r be m(-7). What is the units digit of f(r)?
7
Suppose s + 2*s = -6, 5*s = 2*v - 3852. Suppose 4*k - 3*i = v, 2*k + i - 3*i = 958. What is the hundreds digit of k?
4
Suppose 88*t = 343451 + 38466 + 190523. What is the thousands digit of t?
6
Suppose -3*w + o = -439, -4*o + 332 = 3*w - 87. Suppose 286 = z - w. What is the units digit of z?
1
Let m be ((-27)/(-12))/((-3)/(-80)). Suppose 0 = -2*j - 4 + m. What is the hundreds digit of (-768)/(-7) + 8/j?
1
Suppose 7*g - g - 24989 = 6127. What is the thousands digit of g?
5
Let v(y) = 139*y - 690. Let l be v(5). Let k = 4 + -3. What is the units digit of k - l - (-24 + 12)?
8
Suppose 21646 = 3*u - 2*k, -3*k + 21 = 9. What is the hundreds digit of u?
2
Let a(t) be the second derivative of 7*t**4/12 - t**3/6 - 14*t. Let s be a(1). What is the tens digit of -48*(-1)/(3/s)?
9
Suppose d = h - 553, d + 3*h + 218 + 339 = 0. Let f(y) = 70*y + 5. Let q be f(-5). Let t = q - d. What is the tens digit of t?
0
Let s be 3*(-74 - 9)/((-9)/3). Suppose s*r + 13611 = 96*r. What is the hundreds digit of r?
0
What is the hundreds digit of 5845 + (-105)/(-22 - -7)?
8
Suppose 36 = -11*u - 118. What is the tens digit of (u/21)/(16/(-16728))?
9
Let b(u) = -2*u + 1. Let g be b(-3). Suppose -95*t + 47*t + 52*t = 36. Suppose t*a = g*a + 32. What is the units digit of a?
6
Let i = -59 - -63. Let j = i - -4. Suppose 0*k - j*k = -392. What is the tens digit of k?
4
Suppose -312*q + 1274252 - 226244 = 0. What is the hundreds digit of q?
3
Suppose -9*o = -5*o - 4*a - 344, 0 = -4*o + a + 353. Suppose -o = z - 248. What is the tens digit of z?
5
Let k = -89 - -93. Suppose 0 = -j - 3*j - z + 985, 0 = j - k*z - 225. What is the hundreds digit of j?
2
Suppose 0 = 5*m - 2*b - 48, -3 + 56 = 5*m + 3*b. Let r(w) = 5*w**2 + 2*w - 32. What is the hundreds digit of r(m)?
4
Let a(y) be the third derivative of -7*y**6/60 - y**5/20 - 7*y**4/24 - y**3/3 + 65*y**2. What is the units digit of a(-2)?
2
Let u = -2129 + 4139. What is the hundreds digit of u?
0
Let o = 597 + -1604. Let s = -515 - o. What is the units digit of s?
2
Let z be 1*(6/2 - 0) + -637. What is the units digit of (-2 - (z + 1)) + 2 + -6?
7
Let u(b) = 606*b + 683. What is the tens digit of u(8)?
3
Let j = -1239 - -843. Let p be j/(-8)*(-16)/(-6). Suppose 7*t = t + p. What is the units digit of t?
2
Suppose -d + 497 = 116. Suppose 3 - d = -2*a. What is the tens digit of a?
8
Suppose 0 = -14*l + 38 - 10. Let g = -2 + 4. Suppose k - l*v - 57 = 0, -g*k = v + 57 - 191. What is the tens digit of k?
6
Let p(b) be the second derivative of -2*b**3 - 11*b**2/2 + 24*b. What is the units digit of p(-2)?
3
Let x(o) = -2*o - 5. Let a be x(-5). What is the hundreds 